pose -13*d + 1464 = -2358. List the prime factors of d.
2, 3, 7
Let f be (5 - -5)*(-2)/(-4). Suppose 4*o - f*b = 30, 4*b = 1 - 9. Suppose -9 = 2*q - y - 49, -2*q - o*y + 16 = 0. What are the prime factors of q?
2, 3
Let z = -44 + 130. Suppose c + 49 = n + n, -4*c - z = -3*n. List the prime factors of n.
2, 11
Let s be (10/3)/((-28)/(-42)). Suppose 3*l - 2*l - s = 0. Suppose -l*k = -b + 23, 0*k - 3 = -b - 5*k. List the prime factors of b.
13
Let r be (57/(-6)*-4)/2. Let s(y) = -2*y**3 - 6*y**2 - 2*y + 5. Let a be s(-4). Let k = a - r. What are the prime factors of k?
2, 13
Let w = -2750 + 4586. What are the prime factors of w?
2, 3, 17
Let y = 6653 - 4230. List the prime factors of y.
2423
Let w(u) = 3*u**2 + 5*u - 7. Let p be w(-9). Suppose 7*f - p = -r + 4*f, -4*r = 4*f - 740. What are the prime factors of r?
2, 7, 13
Suppose -2692 = -7*c + 1256. What are the prime factors of c?
2, 3, 47
Let c be (-2 - 0)*1 - -2. Suppose c = -0*n - n + 4*b, 5*b = 5. Suppose 143 = n*s - 169. What are the prime factors of s?
2, 3, 13
Suppose -152*k + 153*k - 2900 = 0. What are the prime factors of k?
2, 5, 29
Let m(l) = -6*l**3 - 1. Let g be m(-1). Let n(p) = 2*p**2 + 4. List the prime factors of n(g).
2, 3
Suppose 26*q - 49572 = -q. What are the prime factors of q?
2, 3, 17
Suppose 19 - 99 = -16*q. Suppose -110 = -q*h - 20. What are the prime factors of h?
2, 3
Suppose 24 = p - 4*p. Suppose -5*t - 2*v = -102, 0 = -t + 6*t + v - 101. Let w = t + p. What are the prime factors of w?
2, 3
Suppose 2*q = -2*f + 7*f + 43, -q = 3*f - 27. Suppose -n + 3 - 1 = 0. Suppose n*c - q = c. List the prime factors of c.
2, 3
Let g(h) = 2*h + 17. Let t be g(-12). List the prime factors of (-10 - t)/((-6)/68).
2, 17
Suppose 3*g + 3*x - 909 = 891, -5*g - 2*x = -2997. What are the prime factors of g?
599
Suppose 38*l - 33*l = -670. Let u = l - -219. What are the prime factors of u?
5, 17
Let i be (-6 + 0)*28/(-8). Suppose -1 = 4*t - i. Suppose -6 = -p - 4*a + 14, -t*p = 5*a - 145. List the prime factors of p.
2
Let h = 27 + -25. Suppose 4*j - 254 = h*i, 6*i + 41 = j + i. List the prime factors of j.
2, 3, 11
Suppose 4 = -2*v + 3*v. Suppose 76 = 2*u + w, 0 = -v*u + w + w + 152. Suppose 4*z + u = 6*z. List the prime factors of z.
19
Let h = 658 - -2062. List the prime factors of h.
2, 5, 17
List the prime factors of ((1115/10)/1 + -2)*2.
3, 73
Let m(p) = -14*p**3 + 42*p**2 - 12*p + 19. Let b(j) = -5*j**3 + 14*j**2 - 4*j + 6. Let d(f) = 8*b(f) - 3*m(f). List the prime factors of d(7).
19
Let g(h) = -11*h + 12. Suppose 9*x = 4*x - 50. List the prime factors of g(x).
2, 61
Let y = 254 + 45. What are the prime factors of y?
13, 23
Let p be -1 + 3 - (3 - 5). Suppose p*k = 105 + 15. What are the prime factors of k?
2, 3, 5
Let o(h) = 11*h**3 + 3*h**2 - 3*h + 1. Let f(i) = i**3 - 3*i**2 + 1. Let x be f(3). List the prime factors of o(x).
2, 3
Suppose -26*h + 7335 = -79791. List the prime factors of h.
3, 1117
Let l(w) = 10*w**2 + 6*w + 3. Let u be l(-2). Let k = u - 35. List the prime factors of k/(-22) - (-240)/11.
2, 11
Suppose -5*x - k - 105 = -6*k, -5*x - 2*k = 126. Let c = x - -111. What are the prime factors of c?
3, 29
Let g = 1422 - 1320. What are the prime factors of g?
2, 3, 17
Let f(j) = -j**2 - 4*j - 1. Let n be f(-4). Let m be 0/((-4)/n) + -220. What are the prime factors of 4/(m/76 + 3)?
2, 19
Let n = 13 + -18. Let s be -3 + 0 + n/(-1). Suppose 7*z - 80 = s*z. What are the prime factors of z?
2
Suppose 61 = -2*r + 13. Let b = r + 51. What are the prime factors of b?
3
Suppose -25*y - 1554 = -55854. List the prime factors of y.
2, 3, 181
Suppose 0 = -2*d + d + 3. Suppose 5*c - 338 = -d*l, 2*c + l + 4*l - 120 = 0. Suppose -2*h + c = 3*h - q, 3*h + 2*q - 29 = 0. List the prime factors of h.
13
Suppose 0 = -n - 5*n - 78. Let u(t) = -7*t + 31. List the prime factors of u(n).
2, 61
Suppose 12*f = 8*f + 132. Let x = 3 - -30. Suppose 5*t = -3*j + x, 4*j - 8*j - 3*t + f = 0. List the prime factors of j.
2, 3
Suppose 5*y = c - 1488, -1 = 2*y + 7. What are the prime factors of c?
2, 367
Let j = 24 - 52. Let h be (-6)/24 - 555/(-12). Let y = j + h. List the prime factors of y.
2, 3
Suppose k = -1 - 2, 4*k - 23 = 5*o. Let d(y) = 8 + 30*y - 26*y - 5 + y**2. List the prime factors of d(o).
2, 3
Suppose -8*b + 7*b + 82 = 0. What are the prime factors of b?
2, 41
Let u = 3542 + 722. What are the prime factors of u?
2, 13, 41
Let x(o) = -4*o + 21. Let g be x(8). Let a = 100 - g. What are the prime factors of a?
3, 37
Suppose 3*m + 4110 = 10812. List the prime factors of m.
2, 1117
Suppose 4*r - g - 20 = -5*g, 3*g - 15 = -5*r. Let h(f) be the third derivative of -f**4/24 + 3*f**3/2 - 7*f**2. What are the prime factors of h(r)?
3
Let a(n) = 2*n - 1. Let b(d) = 1. Let m(w) = -a(w) + 5*b(w). What are the prime factors of m(-6)?
2, 3
Let c be ((-8)/(-5))/((-8)/(-20)). Suppose -4*h + 0 = c. What are the prime factors of (32/10)/(h/(-5))?
2
List the prime factors of 8/10 - (-601012)/485.
2, 5, 31
Suppose 0 = -33*x + 35*x - 1068. List the prime factors of x.
2, 3, 89
List the prime factors of 1752/(-42)*7/(-2).
2, 73
Let k be 7/2 + 3/(-6). Suppose -k*r = -13 + 10. List the prime factors of r - -33*(-4 + 6).
67
Let j(m) = m**2 + 16*m + 66. Let h be j(-9). Suppose -h*u = -8*u + 570. List the prime factors of u.
2, 3, 19
Let w be 17*(2 + -1 + -3). Let a = -32 - w. Suppose c = -5*g + 119, g + 3*c - 19 = -a*c. What are the prime factors of g?
2, 3
Let l = -18 + 21. Suppose 277 = 5*y + 2*a - 235, 3*a = l*y - 324. Suppose 4*n = -4*b + y, -3*n + 3 = -2*n. What are the prime factors of b?
23
Suppose -2*q + 2052 = 2*j, 4*j - 2*q - 4088 = 2*q. List the prime factors of j.
2
Suppose -a = 2*c + 1, 0 = 4*a + 3*c - c + 22. Let d = 18 + -9. Let k = d + a. List the prime factors of k.
2
Let l(w) = -w**2 - 18*w - 13. Let t(n) = n**2 - 12*n - 9. Let m be t(13). Suppose -22 = 2*i + m*k, 4*k - 20 = -4*i - 56. What are the prime factors of l(i)?
2
What are the prime factors of 8 - 24 - -7 - -1423?
2, 7, 101
Suppose 0 = -10*v + 14*v - 24. Let k(y) = -y**3 + 11*y**2 - 20*y - 7. List the prime factors of k(v).
53
What are the prime factors of ((-8)/(-5))/(22/3245)?
2, 59
List the prime factors of (-2338)/(-6) - (-59)/177.
2, 3, 5, 13
Let c be -3 + (-4)/((-16)/(-20)). Let d = -6 - c. Suppose -3 = d*y + 5*g - 102, 2*g = y - 54. What are the prime factors of y?
2, 13
Suppose 464 = 4*y - q - 9, -2*y + 2*q = -232. What are the prime factors of y?
7, 17
Let m be 3*(-4)/(-12)*6. Let p(u) be the third derivative of -u**5/60 + 3*u**4/8 + u**3/6 + 2*u**2. What are the prime factors of p(m)?
19
Let n(b) = 3*b**2 + 4*b + 6. Let i(j) = -j**2 - j - 1. Let w(t) = 5*i(t) + n(t). Let c be w(1). List the prime factors of (51/(-6))/(1/c).
17
Let k = -64 - -50. List the prime factors of (-441)/k - (-6)/4.
3, 11
Let y(o) = o**3 + 16*o**2 + 11*o + 11. What are the prime factors of y(-15)?
71
Let y = -1101 + 1716. What are the prime factors of y?
3, 5, 41
List the prime factors of (-7 - -3) + 15*38.
2, 283
Suppose -3*b = -b - 4. Suppose 0 = -2*w - b + 14. Suppose q + w = 35. What are the prime factors of q?
29
Let y(a) be the third derivative of 0*a + 11/6*a**3 + 8*a**2 + 0 + 11/24*a**4. List the prime factors of y(5).
2, 3, 11
Let v be ((-3)/(-2) - 0)*(23 - -1). Suppose -g = -2*g + v. List the prime factors of g.
2, 3
Let r(b) = b**2 - b + 12. Let x be r(0). Suppose -239 - 53 = -3*j + a, -3*a = x. Suppose 2*t + 3*q = -q + j, -5*t + 215 = 5*q. List the prime factors of t.
2, 19
Suppose -4*k = -5*i - 27 + 5, -4*i - 2*k = 2. Suppose 2*n + 10 + 3 = 5*t, 3*n = -3*t - 30. List the prime factors of i/(-9) + (-268)/n.
2, 3, 5
Let j(l) = -l**3 + 19*l**2 + 28*l - 22. List the prime factors of j(18).
2, 13, 31
Let i be 0/3 - 3 - 0. Let d(c) be the first derivative of 5*c**3/3 + 3*c**2 - 4*c + 14. What are the prime factors of d(i)?
23
Let z be 4/3*318/4. Suppose 5*p + 4*j = 20, -2*p + 5*j - 19 - 6 = 0. Suppose p = -3*t + z + 17. List the prime factors of t.
41
Suppose 0 = -5*m + 5, q + 10*m = 12*m + 2987. What are the prime factors of q?
7, 61
Suppose 2 + 18 = m - 3*r, m + r = 0. Suppose 5*h = w - 2*w + 60, 4*w + m*h - 195 = 0. What are the prime factors of w?
3, 5
Suppose 6*d - 340 = 260. What are the prime factors of d?
2, 5
Suppose 5*d = p + 1147, 2*d